22 is divided by 23/23*(o + 31).
29
Let h(d) = -d**3 + 13*d**2 + 53*d + 12. What is the remainder when 550 is divided by h(16)?
90
Suppose -k + 60 = 4*k. Let j(h) = 7*h**2 + 5*h - h**3 + 0 + 6*h - 1. What is the remainder when j(8) is divided by k?
11
Let d(z) = z**3 + 9*z**2 - 51*z + 31. What is the remainder when d(-13) is divided by 3?
0
Let i = -1337 - -1353. What is the remainder when 19 is divided by i?
3
Let y be (-95)/(-20) - (0 + 4/(-16)). Suppose 2*m + 2*d - 7 = m, 2*m - y = -d. Calculate the remainder when 3 is divided by m.
0
Suppose 5*a = 10, -j - 4*a = a - 63. Calculate the remainder when 634 is divided by j.
51
Let u be (12/4 + 16)*1. Suppose -3*o = 4*s - 25, -3*s = o + s - u. Calculate the remainder when o is divided by 3.
0
Let x(f) = f**3 - 18*f**2 + 3. Let i be x(18). Suppose 5*j - 310 = -4*y, 4*j - 5*y - 62 = i*j. What is the remainder when j is divided by 16?
14
Let u = 98 + -50. Let l be (-9)/(-3) + 0 - 24. What is the remainder when u is divided by (-531)/l + 4/(-14)?
23
Let a = -1996 + 2475. Calculate the remainder when a is divided by 117.
11
Let c be (-2)/(-11) - 126/(-33). Suppose 2 = -c*f + 6. Suppose 4*j - 3 - f = 0. What is the remainder when 1 is divided by j?
0
Let x = 11 - 13. Let c be (32/(-6))/(x/(-12)). Let u = c - -78. What is the remainder when u is divided by 24?
22
Let s = -74 - -74. Calculate the remainder when 29 - (s/5)/5 is divided by 11.
7
Let q(s) = 3*s**2 - s + 1. Calculate the remainder when 42 is divided by q(-2).
12
Let d(s) = -3*s**3 + s**2 - 3*s - 2. Calculate the remainder when d(-3) is divided by 27.
16
Let q(k) = -k + 8. Let c be q(-3). Let m(b) = b**2 - 10*b + 11. What is the remainder when 109 is divided by m(c)?
21
Let f(r) = -12*r - 6. Let m be f(0). Calculate the remainder when 2/(4/102)*(-4)/m is divided by 18.
16
Let x(j) = -2*j - 18. Let y be x(-11). Suppose -3*f - 17 = 4*a - 52, 0 = 3*f + a - 47. Let h = f - y. Calculate the remainder when 49 is divided by h.
10
Suppose 2*c = -25 + 47. Calculate the remainder when (-48 + 0)/(-1) + (29 - 25) is divided by c.
8
Suppose 4*g - 48 = -28. Calculate the remainder when 33 is divided by g.
3
Let z be 2244/45 + 2/15. Suppose z = -6*m + 8*m. Let p = -12 + m. Calculate the remainder when p is divided by 4.
1
Let v = -185 - -246. Let n = -44 - -285. Calculate the remainder when n is divided by v.
58
Suppose -5*w - 260 = -10*w. Suppose 30 = -4*f - h + 88, -w = -3*f - 5*h. What is the remainder when 27 is divided by f?
13
Suppose 0 = -76*t + 75*t + 12. Suppose f = 64 + t. Calculate the remainder when f is divided by 40.
36
Suppose 0 = 2*g + 59 - 235. Suppose -13*b = -2*b - g. Calculate the remainder when 21 is divided by b.
5
Suppose 5*s - 114 - 186 = 4*g, 0 = -2*s + 2*g + 118. What is the remainder when 216 is divided by s?
24
Calculate the remainder when (-2)/(6/10 - 3151/5060) is divided by 27.
7
Let i = -113 + -41. Let t = -45 - i. Calculate the remainder when t is divided by 28.
25
Let d = 34 + 35. What is the remainder when d is divided by 26?
17
Let h(w) = -122*w + 8. What is the remainder when h(-1) is divided by 34?
28
Let j be (-4 - 1)*(1 + -2). Let r(t) = -t**3 + 6*t**2 - 2*t - 5. What is the remainder when 18 is divided by r(j)?
8
Suppose 0 = -d - 5*h - 0*h - 10, 4 = 2*d - 2*h. Suppose d = -x - 4*c + 20, 0*x = -x + 4*c - 4. Calculate the remainder when 20 is divided by x.
4
Let j = 3 - 0. Suppose -j*g + 5*g = 6. Suppose g*x = -10 + 49. What is the remainder when x is divided by 8?
5
Let b(q) = -41*q - 2. Suppose 9*s - 6*s = 51. Calculate the remainder when b(-2) is divided by s.
12
Let t = -46 + 65. Let m be 0 - (552/(-20) + 4/(-10)). Suppose 5*c = -4*d + 33, m = 4*c + 2*d + 2*d. What is the remainder when t is divided by c?
4
Let b = 41 - 26. Suppose 2*o + 190 = 7*o - y, -3*y = -b. Calculate the remainder when 113 is divided by o.
35
Let p(v) = 3*v**2 - v - 15. What is the remainder when 106 is divided by p(4)?
19
Calculate the remainder when 186 is divided by ((-10)/(-5) + -3)/((-1)/97).
89
Let l = -53 + 57. Suppose -3*y - 5*p = y - 74, -l*y = -3*p - 58. Calculate the remainder when y is divided by 12.
4
Suppose -3*o + 0*o = -627. Suppose -5*y - 12 = -3*r + 109, 82 = 2*r - 2*y. What is the remainder when o is divided by r?
41
Let h(j) = -5*j**3 - 4*j**2 + 10*j + 68. What is the remainder when h(-5) is divided by 34?
33
What is the remainder when 4/(-10) + (-18447)/(-55) + -11 is divided by 58?
34
Suppose -n = -2*k - 605, -k - 1830 = -5*n + 2*n. What is the remainder when n is divided by 34?
33
Calculate the remainder when (438/(-2) + -3)/(-2) is divided by 6/(-9) + (-86)/(-3).
27
Suppose 16*q - 7*q - 2934 = 0. What is the remainder when q is divided by 55?
51
Suppose 5*y = 3*r + 101, 0 = 4*y - 3*r + 5 - 87. What is the remainder when 121 is divided by y?
7
Suppose -2*i + 5*g = -26, 0*g - g - 65 = -3*i. Let q = i + -17. Calculate the remainder when 11 is divided by q.
5
Let g = 150 + -132. Calculate the remainder when 321 is divided by g.
15
Let q be 51/(-9) - 6/(-9). What is the remainder when 1112/14 + (80/(-28))/q is divided by 30?
20
Let r be 2 + 2 - 49 - 3. Let m = r + 24. Let p = 23 - m. Calculate the remainder when p is divided by 16.
15
Let b = -806 + 823. Calculate the remainder when 267 is divided by b.
12
Let k = 183 - 176. What is the remainder when 11 is divided by k?
4
Let t = 166 - 118. What is the remainder when t is divided by 25?
23
Suppose 20*x - 21*x = 20. Calculate the remainder when x/2*264/(-60) is divided by 15.
14
What is the remainder when 360/26 + ((-4)/(-13))/2 is divided by 8?
6
Suppose 0 = -5*l + 3*l + 8. Let m be 1/1*(5 - 3). Suppose -3*w = -m*b + w - 10, 2*w = l*b - 4. What is the remainder when 9 is divided by b?
0
Suppose 3*l = 4*n - 12, 4*n - 5*l = n + 9. Suppose 0 = n*j + 4*t + 6, 0 = -j - 0*t + 5*t + 17. Calculate the remainder when 7 is divided by j.
1
Suppose i + u - 54 = 0, 2*i - 4*u - 56 - 58 = 0. What is the remainder when 152 is divided by i?
42
Let i(f) = -f**3 + 19*f**2 - 16*f + 15. Let o be i(18). Suppose -p + 4*p - o = 0. Calculate the remainder when 81 is divided by p.
13
Let c = 3144 + -3101. Calculate the remainder when 139 is divided by c.
10
Let g(l) = 2*l + 36. Let s(m) = m**2 + 4*m - 8. Let f be s(-6). Calculate the remainder when (-94)/3*(-6)/f is divided by g(-6).
23
Let h = 6 - 3. What is the remainder when 1 is divided by (1/3)/(1/h)?
0
Calculate the remainder when (2 - 18/6)/((-1)/178) is divided by 90.
88
Let q = 554 + -329. Let t = q - 78. Calculate the remainder when t is divided by 30.
27
Let f(p) = -p + 10. Let c be f(8). Let v be (-1329)/(-27) + (3 - 58/18). Suppose c*q = 3*q - v. Calculate the remainder when q is divided by 13.
10
Let y = 303 - 299. Calculate the remainder when 140 is divided by y.
0
Let v = -2428 - -2500. Calculate the remainder when 280 is divided by v.
64
Suppose -317 = 7*i + 285. What is the remainder when -1*i*2/4 is divided by 12?
7
Let n(g) = g**3 - 38*g**2 - 38*g - 19. Let m be (-2)/(-8) + 580/(-16). Let k = -25 - m. What is the remainder when n(39) is divided by k?
9
Let t(d) = d**2 - 3*d - 8. Let r be t(6). Let k = r - 6. Suppose 39 = -k*b + 131. Calculate the remainder when 45 is divided by b.
22
Suppose 23*o = 21*o + 178. Let z = o - 72. Calculate the remainder when z is divided by 2.
1
Let t = -25 - -30. Suppose 4*k = k - 3*q + 15, -13 = -5*k - q. What is the remainder when 3/k*(-1 - -7) is divided by t?
4
Suppose -5*a = 3*f - 165, -6*a + 5*a - 5*f = -11. Let v(p) = 2*p**2 + 23*p + 26. What is the remainder when v(-17) is divided by a?
33
Let v(k) = 3*k**3 - k**2 - 2*k + 2. Let h(d) = -25*d + 344. What is the remainder when h(11) is divided by v(2)?
15
Let f = 148 + -136. Suppose 2*s = 100 - 36. Calculate the remainder when s is divided by f.
8
Let j = -56 - -81. Let k = 0 + 1. What is the remainder when j is divided by (-4)/(-10)*(k - -34)?
11
Let b = 14109 - 14093. Suppose -2*y = 4*j - 164, 3*j = -y + 2*j + 80. What is the remainder when y is divided by b?
14
Suppose 0 = 2*a + 32 - 46. What is the remainder when 101 is divided by a?
3
Calculate the remainder when 1359 is divided by (-4284)/84*((-16)/6 + 2).
33
Suppose 2*d - 111 = -d. What is the remainder when d is divided by -2 + 4 + 0 + 3?
2
Let o = -318 + 795. Calculate the rema